{"id":878,"date":"2016-07-28T15:38:13","date_gmt":"2016-07-28T13:38:13","guid":{"rendered":"http:\/\/www.uralakbulut.com.tr\/?page_id=878"},"modified":"2020-12-24T13:53:24","modified_gmt":"2020-12-24T10:53:24","slug":"poster","status":"publish","type":"page","link":"https:\/\/uralakbulut.com.tr\/?page_id=878&lang=en","title":{"rendered":"Portraits"},"content":{"rendered":"<table class=\" alignleft\" border=\"0\">\n<tbody>\n<tr>\n<td style=\"text-align: right;\"><strong><a href=\"http:\/\/uralakbulut.com.tr\/wp-content\/uploads\/2020\/12\/1-.jpg\" target=\"_blank\" rel=\"noopener noreferrer\"><img loading=\"lazy\" decoding=\"async\" class=\"aligncenter\" src=\"http:\/\/www.uralakbulut.com.tr\/wp-content\/uploads\/2016\/07\/1-.jpg\" alt=\"\" width=\"152\" height=\"170\" \/><\/a><\/strong><\/td>\n<td style=\"text-align: right;\"><strong><a href=\"http:\/\/uralakbulut.com.tr\/wp-content\/uploads\/2020\/12\/2-.jpg\" target=\"_blank\" rel=\"noopener noreferrer\"><img loading=\"lazy\" decoding=\"async\" class=\"aligncenter\" style=\"vertical-align: middle;\" src=\"http:\/\/www.uralakbulut.com.tr\/wp-content\/uploads\/2016\/07\/2-.jpg\" alt=\"\" width=\"120\" height=\"170\" \/><\/a><\/strong><\/td>\n<td style=\"text-align: right;\"><strong><a href=\"http:\/\/uralakbulut.com.tr\/wp-content\/uploads\/2020\/12\/3-.jpg\" target=\"_blank\" rel=\"noopener noreferrer\"><img loading=\"lazy\" decoding=\"async\" class=\"aligncenter\" src=\"http:\/\/www.uralakbulut.com.tr\/wp-content\/uploads\/2016\/07\/3-.jpg\" alt=\"\" width=\"120\" height=\"170\" \/><\/a><\/strong><\/td>\n<td style=\"text-align: right;\"><strong><a href=\"http:\/\/uralakbulut.com.tr\/wp-content\/uploads\/2020\/12\/4-.jpg\" target=\"_blank\" rel=\"noopener noreferrer\"><img loading=\"lazy\" decoding=\"async\" class=\"aligncenter\" src=\"http:\/\/www.uralakbulut.com.tr\/wp-content\/uploads\/2016\/07\/4-.jpg\" alt=\"\" width=\"120\" height=\"170\" \/><\/a><\/strong><\/td>\n<\/tr>\n<tr>\n<td style=\"text-align: center;\"><strong>\u00a0<a href=\"http:\/\/www.uralakbulut.com.tr\/wp-content\/uploads\/2009\/11\/APPLE-B%C4%B0LG%C4%B0SAYARI-%C4%B0CAT-EDEN-TEKN%C4%B0SYEN.docOCAK2011.pdf\" target=\"_blank\" rel=\"noopener noreferrer\">STEVE WOZNIAK<\/a><\/strong><\/td>\n<td style=\"text-align: center;\"><strong>\u00a0<a href=\"http:\/\/www.uralakbulut.com.tr\/wp-content\/uploads\/2009\/11\/OYUNCU-HEDY-LAMARR-VE-B%C4%B0LG%C4%B0SAYARCI-KADIN-AM%C4%B0RAL.MART2011.pdf\" target=\"_blank\" rel=\"noopener noreferrer\">ADMIRAL GRACE M. HOPPER<\/a><\/strong><\/td>\n<td>\n<p style=\"text-align: center;\"><a href=\"http:\/\/www.uralakbulut.com.tr\/wp-content\/uploads\/2009\/11\/OYUNCU-HEDY-LAMARR-VE-B%C4%B0LG%C4%B0SAYARCI-KADIN-AM%C4%B0RAL.MART2011.pdf\" target=\"_blank\" rel=\"noopener noreferrer\"><strong>HEDY LAMARR<\/strong><\/a><\/p>\n<\/td>\n<td style=\"text-align: center;\"><a href=\"http:\/\/www.uralakbulut.com.tr\/wp-content\/uploads\/2016\/08\/B\u0130LL-GATES-\u00c7OCUK-YA\u015eTA-YAZILIM-PATRONU-OLDU-OCAK-2012.pdf\" target=\"_blank\" rel=\"noopener noreferrer\"><strong>BILL GATES<\/strong><\/a><\/td>\n<\/tr>\n<tr>\n<td><strong><a href=\"http:\/\/uralakbulut.com.tr\/wp-content\/uploads\/2020\/12\/5-.jpg\" target=\"_blank\" rel=\"noopener noreferrer\"><img loading=\"lazy\" decoding=\"async\" class=\"aligncenter\" src=\"http:\/\/www.uralakbulut.com.tr\/wp-content\/uploads\/2016\/07\/5-.jpg\" alt=\"\" width=\"120\" height=\"170\" \/><\/a><\/strong><\/td>\n<td><strong><a href=\"http:\/\/uralakbulut.com.tr\/wp-content\/uploads\/2020\/12\/6-.jpg\" target=\"_blank\" rel=\"noopener noreferrer\"><img loading=\"lazy\" decoding=\"async\" class=\"aligncenter\" style=\"vertical-align: middle;\" src=\"http:\/\/www.uralakbulut.com.tr\/wp-content\/uploads\/2016\/07\/6-.jpg\" alt=\"\" width=\"120\" height=\"170\" \/><\/a><\/strong><\/td>\n<td><strong><a href=\"http:\/\/uralakbulut.com.tr\/wp-content\/uploads\/2020\/12\/7-.jpg\" target=\"_blank\" rel=\"noopener noreferrer\"><img loading=\"lazy\" decoding=\"async\" class=\"aligncenter\" src=\"http:\/\/www.uralakbulut.com.tr\/wp-content\/uploads\/2016\/07\/7-.jpg\" alt=\"\" width=\"120\" height=\"170\" \/><\/a><\/strong><\/td>\n<td><strong><a href=\"http:\/\/uralakbulut.com.tr\/wp-content\/uploads\/2020\/12\/8-.jpg\" target=\"_blank\" rel=\"noopener noreferrer\"><img loading=\"lazy\" decoding=\"async\" class=\"aligncenter\" src=\"http:\/\/www.uralakbulut.com.tr\/wp-content\/uploads\/2016\/07\/8-.jpg\" alt=\"\" width=\"120\" height=\"170\" \/><\/a><\/strong><\/td>\n<\/tr>\n<tr>\n<td style=\"text-align: center;\"><a href=\"http:\/\/www.uralakbulut.com.tr\/wp-content\/uploads\/2012\/12\/babbage.pdf\" target=\"_blank\" rel=\"noopener noreferrer\"><strong>\u00a0<span style=\"line-height: 19px;\">CHARLES BABBAGE<\/span><\/strong><\/a><\/td>\n<td style=\"text-align: center;\"><strong><a href=\"http:\/\/www.uralakbulut.com.tr\/wp-content\/uploads\/2009\/11\/ALBERT-EINSTEIN-DAH%C4%B0LER-DE-%C4%B0NSANDI1.doc6MYIS2011.pdf\" target=\"_blank\" rel=\"noopener noreferrer\">\u00a0ALBERT EINSTEIN<\/a><\/strong><\/td>\n<td style=\"text-align: center;\"><a href=\"http:\/\/www.uralakbulut.com.tr\/wp-content\/uploads\/2012\/12\/pascal.pdf\" target=\"_blank\" rel=\"noopener noreferrer\"><strong>\u00a0<span style=\"text-align: center; line-height: 19px;\">BLAISE PASCAL<\/span><\/strong><\/a><\/td>\n<td style=\"text-align: center;\"><a href=\"http:\/\/www.uralakbulut.com.tr\/wp-content\/uploads\/2009\/11\/APPLE.dociPHONaD%C3%96N%C3%9C%C5%9E%C3%9CM%C3%9C%C5%9EUBAT2011.pdf\" target=\"_blank\" rel=\"noopener noreferrer\"><strong>\u00a0<span style=\"line-height: 19px;\">STEVE JOBS<\/span><\/strong><\/a><\/td>\n<\/tr>\n<tr>\n<td><strong><a href=\"http:\/\/uralakbulut.com.tr\/wp-content\/uploads\/2020\/12\/9-.jpg\" target=\"_blank\" rel=\"noopener noreferrer\"><img loading=\"lazy\" decoding=\"async\" class=\"aligncenter\" src=\"http:\/\/www.uralakbulut.com.tr\/wp-content\/uploads\/2016\/07\/9-.jpg\" alt=\"\" width=\"120\" height=\"170\" \/><\/a><\/strong><\/td>\n<td><strong><a href=\"http:\/\/uralakbulut.com.tr\/wp-content\/uploads\/2020\/12\/10-.jpg\" target=\"_blank\" rel=\"noopener noreferrer\"><img loading=\"lazy\" decoding=\"async\" class=\"aligncenter\" src=\"http:\/\/www.uralakbulut.com.tr\/wp-content\/uploads\/2016\/07\/10-.jpg\" alt=\"\" width=\"120\" height=\"170\" \/><\/a><\/strong><\/td>\n<td><strong><a href=\"http:\/\/uralakbulut.com.tr\/wp-content\/uploads\/2020\/12\/11-.jpg\" target=\"_blank\" rel=\"noopener noreferrer\"><img loading=\"lazy\" decoding=\"async\" class=\"aligncenter\" src=\"http:\/\/www.uralakbulut.com.tr\/wp-content\/uploads\/2016\/07\/11-.jpg\" alt=\"\" width=\"120\" height=\"170\" \/><\/a><\/strong><\/td>\n<td><strong><a href=\"http:\/\/uralakbulut.com.tr\/wp-content\/uploads\/2020\/12\/12-.jpg\" target=\"_blank\" rel=\"noopener noreferrer\"><img loading=\"lazy\" decoding=\"async\" class=\"aligncenter\" src=\"http:\/\/www.uralakbulut.com.tr\/wp-content\/uploads\/2016\/07\/12-.jpg\" alt=\"\" width=\"120\" height=\"170\" \/><\/a><\/strong><\/td>\n<\/tr>\n<tr>\n<td style=\"text-align: center;\"><a href=\"http:\/\/www.uralakbulut.com.tr\/wp-content\/uploads\/2012\/12\/gauss.pdf\" target=\"_blank\" rel=\"noopener noreferrer\"><strong>\u00a0<span style=\"text-align: center; line-height: 19px;\">CARL F. GAUSS<\/span><\/strong><\/a><\/td>\n<td style=\"text-align: center;\"><strong>\u00a0<a href=\"http:\/\/www.uralakbulut.com.tr\/wp-content\/uploads\/2009\/11\/Stephen-Hawking-K%C4%B1p%C4%B1rdayam%C4%B1yor-ama-Evren-Uzman%C4%B1.pdf\" target=\"_blank\" rel=\"noopener noreferrer\">STEPHEN HAWKING<\/a><\/strong><\/td>\n<td style=\"text-align: center;\"><strong>\u00a0<a href=\"http:\/\/www.uralakbulut.com.tr\/wp-content\/uploads\/2009\/11\/KONTES-ADA-LOVELACE-%C4%B0LK-KADIN-B%C4%B0LG%C4%B0SAYARCI-TEM-2012.pdf\" target=\"_blank\" rel=\"noopener noreferrer\">ADA LOVELACE<\/a><\/strong><\/td>\n<td style=\"text-align: center;\"><strong>\u00a0<a href=\"http:\/\/www.uralakbulut.com.tr\/wp-content\/uploads\/2012\/12\/yapayzeka.pdf\" target=\"_blank\" rel=\"noopener noreferrer\">JOHN McCARTHY<\/a><\/strong><\/td>\n<\/tr>\n<tr>\n<td><strong><a href=\"http:\/\/uralakbulut.com.tr\/wp-content\/uploads\/2020\/12\/13-.jpg\" target=\"_blank\" rel=\"noopener noreferrer\"><img loading=\"lazy\" decoding=\"async\" class=\"aligncenter\" src=\"http:\/\/www.uralakbulut.com.tr\/wp-content\/uploads\/2016\/07\/13-.jpg\" alt=\"\" width=\"120\" height=\"170\" \/><\/a><\/strong><\/td>\n<td style=\"text-align: right;\"><strong>\u00a0<\/strong><\/td>\n<td style=\"text-align: right;\"><strong>\u00a0<\/strong><\/td>\n<td style=\"text-align: right;\"><strong>\u00a0<\/strong><\/td>\n<\/tr>\n<tr>\n<td style=\"text-align: center;\"><strong><a href=\"http:\/\/www.uralakbulut.com.tr\/wp-content\/uploads\/2009\/11\/ALAN-TURING-BILGISAYARIN-ATASI-MART-2012.pdf\" target=\"_blank\" rel=\"noopener noreferrer\">ALAN TURING<\/a><\/strong><\/td>\n<td style=\"text-align: right;\"><strong>\u00a0<\/strong><\/td>\n<td style=\"text-align: right;\"><strong>\u00a0<\/strong><\/td>\n<td style=\"text-align: right;\"><strong>\u00a0<\/strong><\/td>\n<\/tr>\n<\/tbody>\n<\/table>\n","protected":false},"excerpt":{"rendered":"<p>\u00a0STEVE WOZNIAK \u00a0ADMIRAL GRACE M. HOPPER HEDY LAMARR BILL GATES \u00a0CHARLES BABBAGE \u00a0ALBERT EINSTEIN \u00a0BLAISE PASCAL \u00a0STEVE JOBS \u00a0CARL F. GAUSS \u00a0STEPHEN HAWKING \u00a0ADA LOVELACE \u00a0JOHN McCARTHY \u00a0 \u00a0 \u00a0 ALAN TURING \u00a0 \u00a0 \u00a0<\/p>\n","protected":false},"author":3,"featured_media":0,"parent":0,"menu_order":0,"comment_status":"closed","ping_status":"closed","template":"","meta":{"footnotes":""},"class_list":["post-878","page","type-page","status-publish","hentry"],"yoast_head":"<!-- This site is optimized with the Yoast SEO plugin v17.8 - https:\/\/yoast.com\/wordpress\/plugins\/seo\/ -->\n<title>Portraits - Ural Akbulut<\/title>\n<meta name=\"robots\" content=\"index, follow, max-snippet:-1, max-image-preview:large, max-video-preview:-1\" \/>\n<link rel=\"canonical\" href=\"https:\/\/uralakbulut.com.tr\/?page_id=878&#038;lang=en\" \/>\n<meta property=\"og:locale\" content=\"en_US\" \/>\n<meta property=\"og:type\" content=\"article\" \/>\n<meta property=\"og:title\" content=\"Portraits - Ural Akbulut\" \/>\n<meta property=\"og:description\" content=\"\u00a0STEVE WOZNIAK \u00a0ADMIRAL GRACE M. HOPPER HEDY LAMARR BILL GATES \u00a0CHARLES BABBAGE \u00a0ALBERT EINSTEIN \u00a0BLAISE PASCAL \u00a0STEVE JOBS \u00a0CARL F. GAUSS \u00a0STEPHEN HAWKING \u00a0ADA LOVELACE \u00a0JOHN McCARTHY \u00a0 \u00a0 \u00a0 ALAN TURING \u00a0 \u00a0 \u00a0\" \/>\n<meta property=\"og:url\" content=\"https:\/\/uralakbulut.com.tr\/?page_id=878&amp;lang=en\" \/>\n<meta property=\"og:site_name\" content=\"Ural Akbulut\" \/>\n<meta property=\"article:modified_time\" content=\"2020-12-24T10:53:24+00:00\" \/>\n<meta property=\"og:image\" content=\"http:\/\/www.uralakbulut.com.tr\/wp-content\/uploads\/2016\/07\/1-.jpg\" \/>\n<meta name=\"twitter:card\" content=\"summary_large_image\" \/>\n<script type=\"application\/ld+json\" class=\"yoast-schema-graph\">{\"@context\":\"https:\/\/schema.org\",\"@graph\":[{\"@type\":\"WebSite\",\"@id\":\"https:\/\/uralakbulut.com.tr\/#website\",\"url\":\"https:\/\/uralakbulut.com.tr\/\",\"name\":\"Ural Akbulut\",\"description\":\"Ki\\u015fisel Web Sayfas\\u0131\",\"potentialAction\":[{\"@type\":\"SearchAction\",\"target\":{\"@type\":\"EntryPoint\",\"urlTemplate\":\"https:\/\/uralakbulut.com.tr\/?s={search_term_string}\"},\"query-input\":\"required name=search_term_string\"}],\"inLanguage\":\"en-US\"},{\"@type\":\"ImageObject\",\"@id\":\"https:\/\/uralakbulut.com.tr\/?page_id=878&lang=en#primaryimage\",\"inLanguage\":\"en-US\",\"url\":\"http:\/\/www.uralakbulut.com.tr\/wp-content\/uploads\/2016\/07\/1-.jpg\",\"contentUrl\":\"http:\/\/www.uralakbulut.com.tr\/wp-content\/uploads\/2016\/07\/1-.jpg\"},{\"@type\":\"WebPage\",\"@id\":\"https:\/\/uralakbulut.com.tr\/?page_id=878&lang=en#webpage\",\"url\":\"https:\/\/uralakbulut.com.tr\/?page_id=878&lang=en\",\"name\":\"Portraits - Ural Akbulut\",\"isPartOf\":{\"@id\":\"https:\/\/uralakbulut.com.tr\/#website\"},\"primaryImageOfPage\":{\"@id\":\"https:\/\/uralakbulut.com.tr\/?page_id=878&lang=en#primaryimage\"},\"datePublished\":\"2016-07-28T13:38:13+00:00\",\"dateModified\":\"2020-12-24T10:53:24+00:00\",\"breadcrumb\":{\"@id\":\"https:\/\/uralakbulut.com.tr\/?page_id=878&lang=en#breadcrumb\"},\"inLanguage\":\"en-US\",\"potentialAction\":[{\"@type\":\"ReadAction\",\"target\":[\"https:\/\/uralakbulut.com.tr\/?page_id=878&lang=en\"]}]},{\"@type\":\"BreadcrumbList\",\"@id\":\"https:\/\/uralakbulut.com.tr\/?page_id=878&lang=en#breadcrumb\",\"itemListElement\":[{\"@type\":\"ListItem\",\"position\":1,\"name\":\"Home\",\"item\":\"https:\/\/uralakbulut.com.tr\/?lang=tr\"},{\"@type\":\"ListItem\",\"position\":2,\"name\":\"Portraits\"}]}]}<\/script>\n<!-- \/ Yoast SEO plugin. -->","yoast_head_json":{"title":"Portraits - Ural Akbulut","robots":{"index":"index","follow":"follow","max-snippet":"max-snippet:-1","max-image-preview":"max-image-preview:large","max-video-preview":"max-video-preview:-1"},"canonical":"https:\/\/uralakbulut.com.tr\/?page_id=878&lang=en","og_locale":"en_US","og_type":"article","og_title":"Portraits - Ural Akbulut","og_description":"\u00a0STEVE WOZNIAK \u00a0ADMIRAL GRACE M. HOPPER HEDY LAMARR BILL GATES \u00a0CHARLES BABBAGE \u00a0ALBERT EINSTEIN \u00a0BLAISE PASCAL \u00a0STEVE JOBS \u00a0CARL F. GAUSS \u00a0STEPHEN HAWKING \u00a0ADA LOVELACE \u00a0JOHN McCARTHY \u00a0 \u00a0 \u00a0 ALAN TURING \u00a0 \u00a0 \u00a0","og_url":"https:\/\/uralakbulut.com.tr\/?page_id=878&lang=en","og_site_name":"Ural Akbulut","article_modified_time":"2020-12-24T10:53:24+00:00","og_image":[{"url":"http:\/\/www.uralakbulut.com.tr\/wp-content\/uploads\/2016\/07\/1-.jpg"}],"twitter_card":"summary_large_image","schema":{"@context":"https:\/\/schema.org","@graph":[{"@type":"WebSite","@id":"https:\/\/uralakbulut.com.tr\/#website","url":"https:\/\/uralakbulut.com.tr\/","name":"Ural Akbulut","description":"Ki\u015fisel Web Sayfas\u0131","potentialAction":[{"@type":"SearchAction","target":{"@type":"EntryPoint","urlTemplate":"https:\/\/uralakbulut.com.tr\/?s={search_term_string}"},"query-input":"required name=search_term_string"}],"inLanguage":"en-US"},{"@type":"ImageObject","@id":"https:\/\/uralakbulut.com.tr\/?page_id=878&lang=en#primaryimage","inLanguage":"en-US","url":"http:\/\/www.uralakbulut.com.tr\/wp-content\/uploads\/2016\/07\/1-.jpg","contentUrl":"http:\/\/www.uralakbulut.com.tr\/wp-content\/uploads\/2016\/07\/1-.jpg"},{"@type":"WebPage","@id":"https:\/\/uralakbulut.com.tr\/?page_id=878&lang=en#webpage","url":"https:\/\/uralakbulut.com.tr\/?page_id=878&lang=en","name":"Portraits - Ural Akbulut","isPartOf":{"@id":"https:\/\/uralakbulut.com.tr\/#website"},"primaryImageOfPage":{"@id":"https:\/\/uralakbulut.com.tr\/?page_id=878&lang=en#primaryimage"},"datePublished":"2016-07-28T13:38:13+00:00","dateModified":"2020-12-24T10:53:24+00:00","breadcrumb":{"@id":"https:\/\/uralakbulut.com.tr\/?page_id=878&lang=en#breadcrumb"},"inLanguage":"en-US","potentialAction":[{"@type":"ReadAction","target":["https:\/\/uralakbulut.com.tr\/?page_id=878&lang=en"]}]},{"@type":"BreadcrumbList","@id":"https:\/\/uralakbulut.com.tr\/?page_id=878&lang=en#breadcrumb","itemListElement":[{"@type":"ListItem","position":1,"name":"Home","item":"https:\/\/uralakbulut.com.tr\/?lang=tr"},{"@type":"ListItem","position":2,"name":"Portraits"}]}]}},"_links":{"self":[{"href":"https:\/\/uralakbulut.com.tr\/index.php?rest_route=\/wp\/v2\/pages\/878","targetHints":{"allow":["GET"]}}],"collection":[{"href":"https:\/\/uralakbulut.com.tr\/index.php?rest_route=\/wp\/v2\/pages"}],"about":[{"href":"https:\/\/uralakbulut.com.tr\/index.php?rest_route=\/wp\/v2\/types\/page"}],"author":[{"embeddable":true,"href":"https:\/\/uralakbulut.com.tr\/index.php?rest_route=\/wp\/v2\/users\/3"}],"replies":[{"embeddable":true,"href":"https:\/\/uralakbulut.com.tr\/index.php?rest_route=%2Fwp%2Fv2%2Fcomments&post=878"}],"version-history":[{"count":3,"href":"https:\/\/uralakbulut.com.tr\/index.php?rest_route=\/wp\/v2\/pages\/878\/revisions"}],"predecessor-version":[{"id":1658,"href":"https:\/\/uralakbulut.com.tr\/index.php?rest_route=\/wp\/v2\/pages\/878\/revisions\/1658"}],"wp:attachment":[{"href":"https:\/\/uralakbulut.com.tr\/index.php?rest_route=%2Fwp%2Fv2%2Fmedia&parent=878"}],"curies":[{"name":"wp","href":"https:\/\/api.w.org\/{rel}","templated":true}]}}