{"id":25,"date":"2009-11-20T10:01:03","date_gmt":"2009-11-20T10:01:03","guid":{"rendered":"http:\/\/127.0.0.1\/wordpress\/?page_id=25"},"modified":"2020-10-31T19:52:47","modified_gmt":"2020-10-31T16:52:47","slug":"ozgecmis","status":"publish","type":"page","link":"https:\/\/uralakbulut.com.tr\/?page_id=25&lang=tr","title":{"rendered":"Hakk\u0131nda"},"content":{"rendered":"<div align=\"center\">\n<p><img loading=\"lazy\" decoding=\"async\" class=\"wp-image-1599 alignnone\" src=\"http:\/\/uralakbulut.com.tr\/wp-content\/uploads\/2020\/10\/unnamed-1.jpg\" alt=\"\" width=\"576\" height=\"421\" srcset=\"https:\/\/uralakbulut.com.tr\/wp-content\/uploads\/2020\/10\/unnamed-1.jpg 512w, https:\/\/uralakbulut.com.tr\/wp-content\/uploads\/2020\/10\/unnamed-1-300x219.jpg 300w\" sizes=\"auto, (max-width: 576px) 100vw, 576px\" \/><\/p>\n<table style=\"width: 106%;\" border=\"0\" cellspacing=\"0\" cellpadding=\"0\">\n<tbody>\n<tr>\n<td width=\"22%\"><\/td>\n<td style=\"text-align: center;\" width=\"45%\">\n<p align=\"center\"><strong>K\u0130ML\u0130K B\u0130LG\u0130LER\u0130<\/strong><\/p>\n<p align=\"center\">Ad\u0131 ve Soyad\u0131: Ural AKBULUT<br \/>\nDo\u011fum Yeri: Erzincan<br \/>\nYabanc\u0131 Dili: \u0130ngilizce<br \/>\nUzmanl\u0131k Alan\u0131: Kimya<\/p>\n<p align=\"center\">\n<\/td>\n<td width=\"13%\"><\/td>\n<\/tr>\n<tr>\n<td width=\"22%\"><\/td>\n<td style=\"text-align: center;\" width=\"45%\"><strong>E\u011e\u0130T\u0130M VE \u00dcNVANLAR<\/strong><\/td>\n<td width=\"13%\"><\/td>\n<\/tr>\n<tr>\n<td width=\"22%\"><strong>Lisans<br \/>\nY\u00fcksek Lisans<br \/>\nDoktora<br \/>\nAr\u015f.G\u00f6r.<br \/>\nY.Do\u00e7.<br \/>\nDo\u00e7ent<br \/>\nProfes\u00f6r<br \/>\nProfes\u00f6r <\/strong><\/td>\n<td width=\"45%\">: ODT\u00dc, Kimya B\u00f6l\u00fcm\u00fc<br \/>\n: ODT\u00dc, Kimya B\u00f6l\u00fcm\u00fc<br \/>\n: Univ. of S. Florida, Dept. of Chem.<br \/>\n: ODT\u00dc, Kimya B\u00f6l\u00fcm\u00fc<br \/>\n: ODT\u00dc, Kimya B\u00f6l\u00fcm\u00fc<br \/>\n: ODT\u00dc, Kimya B\u00f6l\u00fcm\u00fc<br \/>\n: Ankara \u00dcniv. Fen Fak\u00fcltesi<br \/>\n: ODT\u00dc, Kimya B\u00f6l\u00fcm\u00fc<\/td>\n<td width=\"13%\">1969<br \/>\n1970<br \/>\n1973<br \/>\n1975<br \/>\n1976<br \/>\n1979<br \/>\n1985<br \/>\n1989<\/td>\n<\/tr>\n<tr>\n<td width=\"22%\"><\/td>\n<td width=\"45%\">\n<table style=\"width: 500px;\" border=\"0\" cellpadding=\"3\" align=\"center\">\n<tbody>\n<tr>\n<td style=\"text-align: center;\" colspan=\"2\"><strong>AKADEM\u0130K VE \u0130DAR\u0130 G\u00d6REVLER<\/strong><\/td>\n<\/tr>\n<tr>\n<td>ODT\u00dc Kimya B\u00f6l\u00fcm Ba\u015fkan Yard\u0131mc\u0131s\u0131<\/td>\n<td style=\"width: 100px; text-align: center;\">1982-1985<\/td>\n<\/tr>\n<tr>\n<td>Ankara \u00dcniversitesi Fen Fak\u00fcltesi Dekan Yard\u0131mc\u0131s\u0131<\/td>\n<td style=\"width: 100px; text-align: center;\">1985-1986<\/td>\n<\/tr>\n<tr>\n<td>Ankara \u00dcniversitesi Eczac\u0131l\u0131k Fak\u00fcltesi Dekan\u0131<\/td>\n<td style=\"width: 100px; text-align: center;\">1986<\/td>\n<\/tr>\n<tr>\n<td>Ankara \u00dcniversitesi Rekt\u00f6r Yard\u0131mc\u0131s\u0131<\/td>\n<td style=\"width: 100px; text-align: center;\">1986-1987<\/td>\n<\/tr>\n<tr>\n<td>ODT\u00dc Genel Sekreteri<\/td>\n<td style=\"width: 100px; text-align: center;\">1990-1992<\/td>\n<\/tr>\n<tr>\n<td>ODT\u00dc Rekt\u00f6r Yard\u0131mc\u0131s\u0131<\/td>\n<td style=\"width: 100px; text-align: center;\">1992-2000<\/td>\n<\/tr>\n<tr>\n<td>ODT\u00dc Rekt\u00f6r\u00fc<\/td>\n<td style=\"width: 100px; text-align: center;\">2000-2008<\/td>\n<\/tr>\n<tr>\n<td>ODT\u00dc Enformatik Ens. URAP Ba\u015fkan\u0131<\/td>\n<td style=\"width: 100px; text-align: center;\">2009 &#8211;<\/td>\n<\/tr>\n<\/tbody>\n<\/table>\n<\/td>\n<td width=\"13%\"><\/td>\n<\/tr>\n<tr>\n<td width=\"22%\"><\/td>\n<td width=\"45%\">\n<table style=\"width: 500px;\" border=\"0\" align=\"center\">\n<tbody>\n<tr>\n<td colspan=\"2\">\n<p align=\"center\"><strong>\u00d6D\u00dcL<\/strong><\/p>\n<\/td>\n<\/tr>\n<tr>\n<td>&nbsp;T\u00dcB\u0130TAK Te\u015fvik \u00d6d\u00fcl\u00fc<\/td>\n<td style=\"width: 100px; text-align: center;\">1985<\/td>\n<\/tr>\n<tr>\n<td>&nbsp;Benz Alumni \u00d6d\u00fcl\u00fc (USF&amp;BENZ)<\/td>\n<td style=\"text-align: center;\">&nbsp;1996<\/td>\n<\/tr>\n<tr>\n<td>T\u00fcrkiye Kimya Derne\u011fi Hizmet \u00d6d\u00fcl\u00fc<\/td>\n<td style=\"text-align: center;\">2001<\/td>\n<\/tr>\n<tr>\n<td>\u0130talyan \u015eovalye Ni\u015fan\u0131<\/td>\n<td style=\"text-align: center;\">2006<\/td>\n<\/tr>\n<tr>\n<td>ANG\u0130AD-Y\u0131l\u0131n E\u011fitimcisi \u00d6d\u00fcl\u00fc<\/td>\n<td style=\"text-align: center;\">2007<\/td>\n<\/tr>\n<tr>\n<td>Lions Uluslararas\u0131 Ba\u015far\u0131 \u00d6d\u00fcl\u00fc<\/td>\n<td style=\"text-align: center;\">2008<\/td>\n<\/tr>\n<tr>\n<td>Japonya-Hyogo Eyaleti\u2019nin Uluslararas\u0131 Ba\u015far\u0131 \u00d6d\u00fcl\u00fc<\/td>\n<td style=\"text-align: center;\">2009<\/td>\n<\/tr>\n<\/tbody>\n<\/table>\n<\/td>\n<td width=\"13%\"><\/td>\n<\/tr>\n<tr>\n<td width=\"22%\"><\/td>\n<td width=\"45%\">\n<table style=\"width: 500px;\" border=\"0\" align=\"center\">\n<tbody>\n<tr>\n<td colspan=\"2\">\n<table style=\"width: 500px;\" border=\"0\" align=\"center\">\n<tbody>\n<tr>\n<td style=\"text-align: center;\" colspan=\"2\"><strong>YAYINLAR VE ATIFLAR<\/strong><\/td>\n<\/tr>\n<tr>\n<td>&nbsp;Yurt D\u0131\u015f\u0131 Hakemli Dergi Makaleleri<\/td>\n<td style=\"text-align: center;\">91 adet<\/td>\n<\/tr>\n<tr>\n<td>At\u0131f (Science Citation Index)<\/td>\n<td style=\"width: 100px; text-align: center;\">1187 adet<\/td>\n<\/tr>\n<\/tbody>\n<\/table>\n<\/td>\n<\/tr>\n<\/tbody>\n<\/table>\n<\/td>\n<td width=\"13%\"><\/td>\n<\/tr>\n<tr>\n<td width=\"22%\"><\/td>\n<td width=\"45%\">\n<table style=\"width: 500px;\" border=\"0\" align=\"center\">\n<tbody>\n<tr>\n<td style=\"text-align: center;\" colspan=\"2\">&nbsp;<strong>Y\u00dcR\u00dcTT\u00dc\u011e\u00dc TEZLER<\/strong><\/td>\n<\/tr>\n<tr>\n<td>M. S. Tezi : H. A. Al-Salah<\/td>\n<td style=\"text-align: center; width: 100px;\">1980<\/td>\n<\/tr>\n<tr>\n<td>&nbsp;M. S. Tezi : K. Karabina<\/td>\n<td style=\"text-align: center;\">&nbsp;1984<\/td>\n<\/tr>\n<tr>\n<td>M. S. Tezi : Y. Kayal\u0131dere<\/td>\n<td style=\"text-align: center;\">1984<\/td>\n<\/tr>\n<tr>\n<td>M. S. Tezi : H. Elibol<\/td>\n<td style=\"text-align: center;\">1990<\/td>\n<\/tr>\n<tr>\n<td>M. S. Tezi : P. Aybar<\/td>\n<td style=\"text-align: center;\">1990<\/td>\n<\/tr>\n<tr>\n<td>M. S. Tezi : M. El\u00e7in<\/td>\n<td style=\"text-align: center;\">1990<\/td>\n<\/tr>\n<tr>\n<td>M. S. Tezi : Z.Bayramo\u011flu<\/td>\n<td style=\"text-align: center;\">1991<\/td>\n<\/tr>\n<tr>\n<td>M. S. Tezi : S. Do\u011fan<\/td>\n<td style=\"text-align: center;\">1991<\/td>\n<\/tr>\n<tr>\n<td>M. S. Tezi : \u00d6.(Esen) Y\u0131ld\u0131r\u0131m<\/td>\n<td style=\"text-align: center;\">1992<\/td>\n<\/tr>\n<tr>\n<td>M. S. Tezi : E. Aysu<\/td>\n<td style=\"text-align: center;\">1993<\/td>\n<\/tr>\n<tr>\n<td>M. S. Tezi : (ortak dan\u0131\u015fman) F.Selamp\u0131nar<\/td>\n<td style=\"text-align: center;\">1993<\/td>\n<\/tr>\n<tr>\n<td>M. S. Tezi : H. Esener<\/td>\n<td style=\"text-align: center;\">1994<\/td>\n<\/tr>\n<tr>\n<td>M. S. Tezi : F. Vatansever<\/td>\n<td style=\"text-align: center;\">1995<\/td>\n<\/tr>\n<tr>\n<td>M.S. Tezi : (ortak dan\u0131sman) N. K\u0131z\u0131lyar<\/td>\n<td style=\"text-align: center;\">1998<\/td>\n<\/tr>\n<tr>\n<td>M.S. Tezi : Z. Balc\u0131<\/td>\n<td style=\"text-align: center;\">2001<\/td>\n<\/tr>\n<tr>\n<td>Doktora Tezi : L. K. Toppare<\/td>\n<td style=\"text-align: center;\">1982<\/td>\n<\/tr>\n<tr>\n<td>Doktora Tezi : (ortak dan\u0131\u015fman) A. \u00d6nal<\/td>\n<td style=\"text-align: center;\">1983<\/td>\n<\/tr>\n<tr>\n<td>Doktora Tezi : S. Eren<\/td>\n<td style=\"text-align: center;\">1984<\/td>\n<\/tr>\n<tr>\n<td>Doktora Tezi : K. A. Rana<\/td>\n<td style=\"text-align: center;\">1988<\/td>\n<\/tr>\n<tr>\n<td>Doktora Tezi : S. Yi\u011fit<\/td>\n<td style=\"text-align: center;\">1996<\/td>\n<\/tr>\n<tr>\n<td>Doktora Tezi : (ortak dan\u0131sman)F. Selamp\u0131nar<\/td>\n<td style=\"text-align: center;\">1996<\/td>\n<\/tr>\n<tr>\n<td>Doktora Tezi : (ortak dan\u0131sman) B. Yurttas<\/td>\n<td style=\"text-align: center;\">1996<\/td>\n<\/tr>\n<tr>\n<td>Doktora Tezi : C. Biran<\/td>\n<td style=\"text-align: center;\"><\/td>\n<\/tr>\n<\/tbody>\n<\/table>\n<\/td>\n<td width=\"13%\"><\/td>\n<\/tr>\n<tr>\n<td width=\"22%\"><\/td>\n<td width=\"45%\">\n<table style=\"width: 500px;\" border=\"0\" align=\"center\">\n<tbody>\n<tr>\n<td style=\"text-align: center;\" colspan=\"2\"><strong>Y\u00dcR\u00dcTT\u00dc\u011e\u00dc PROJELER<\/strong><\/td>\n<\/tr>\n<tr>\n<td>T\u00fckiye\u2019de R\u00f6ntgen Filmi ve Siyah Beyaz Foto\u011fraf Filmi ve Kart\u0131<br \/>\n\u00dcretimi (T. Hv. Kuv. G\u00fc\u00e7. Vakf\u0131-ODT\u00dc) No:79-01-03-507<\/td>\n<td style=\"width: 100px; text-align: center;\">1979-1983<\/td>\n<\/tr>\n<tr>\n<td>Foto\u011fraf Em\u00fclsiyonlar (TUB\u0130TAK-TUMKA \u00dcnitesi ve ODT\u00dc)<\/td>\n<td style=\"text-align: center;\">&nbsp;1983-1984<\/td>\n<\/tr>\n<tr>\n<td>Electron Transfer Mechanisms (ODT\u00dc Ar. Pr.) No:79-01-03-506<\/td>\n<td style=\"text-align: center;\">1980<\/td>\n<\/tr>\n<tr>\n<td>Elektrokimyasal Polimerle\u015fme (T\u00dcB\u0130TAK-TUMKA ve ODT\u00dc)<\/td>\n<td style=\"text-align: center;\">1983-1989<\/td>\n<\/tr>\n<tr>\n<td>Akrilonitirilin Elektrokimyasal Polimerle\u015fmesi<br \/>\n(A. \u00dc.Ara\u015ft\u0131rma Fonu 87-05-04-02)<\/td>\n<td style=\"text-align: center;\">1987-1988<\/td>\n<\/tr>\n<tr>\n<td>De\u011fi\u015fik Halojenlenmi\u015f Fenol ve Anilinlerin Elektrokimyasal<br \/>\nSentezi (ODT\u00dc AFP 87-05-04-02)<\/td>\n<td style=\"text-align: center;\">1987-1988<\/td>\n<\/tr>\n<tr>\n<td>Conducting Polymers, (NATO Projesi)<\/td>\n<td style=\"text-align: center;\">1989-1992<\/td>\n<\/tr>\n<tr>\n<td>Conducting Polymers as Sensors (\u0130ngiliz K\u00fclt\u00fcr)<\/td>\n<td style=\"text-align: center;\">1989-1992<\/td>\n<\/tr>\n<tr>\n<td>TUB\u0130TAK TBAG-\u00dc15\/7<\/td>\n<td style=\"text-align: center;\">1991<\/td>\n<\/tr>\n<tr>\n<td>ODT\u00dc AFP 94-01-03-04<\/td>\n<td style=\"text-align: center;\">1994<\/td>\n<\/tr>\n<tr>\n<td>DPT Projesi 95K-120498<\/td>\n<td style=\"text-align: center;\">\n<p align=\"center\">1995<\/p>\n<\/td>\n<\/tr>\n<tr>\n<td>TUB\u0130TAK TBAG-1422<\/td>\n<td style=\"text-align: center;\">\n<p align=\"center\">1995<\/p>\n<\/td>\n<\/tr>\n<tr>\n<td>DPT Projesi 98K-122750<\/td>\n<td style=\"text-align: center;\">\n<p align=\"center\">1998<\/p>\n<\/td>\n<\/tr>\n<tr>\n<td>ODT\u00dc AFP 99-01-03-05<\/td>\n<td style=\"text-align: center;\">1999<\/td>\n<\/tr>\n<\/tbody>\n<\/table>\n<\/td>\n<td width=\"13%\"><\/td>\n<\/tr>\n<\/tbody>\n<\/table>\n<\/div>\n","protected":false},"excerpt":{"rendered":"<p>K\u0130ML\u0130K B\u0130LG\u0130LER\u0130 Ad\u0131 ve Soyad\u0131: Ural AKBULUT Do\u011fum Yeri: Erzincan Yabanc\u0131 Dili: \u0130ngilizce Uzmanl\u0131k Alan\u0131: Kimya E\u011e\u0130T\u0130M VE \u00dcNVANLAR Lisans Y\u00fcksek Lisans Doktora Ar\u015f.G\u00f6r. Y.Do\u00e7. Do\u00e7ent Profes\u00f6r Profes\u00f6r : ODT\u00dc, Kimya B\u00f6l\u00fcm\u00fc : ODT\u00dc, Kimya ...<\/p>\n","protected":false},"author":1,"featured_media":0,"parent":0,"menu_order":1,"comment_status":"closed","ping_status":"closed","template":"","meta":{"footnotes":""},"class_list":["post-25","page","type-page","status-publish","hentry"],"yoast_head":"<!-- This site is optimized with the Yoast SEO plugin v17.8 - https:\/\/yoast.com\/wordpress\/plugins\/seo\/ -->\n<title>Hakk\u0131nda - Ural Akbulut<\/title>\n<meta name=\"robots\" content=\"index, follow, max-snippet:-1, max-image-preview:large, max-video-preview:-1\" \/>\n<link rel=\"canonical\" href=\"https:\/\/uralakbulut.com.tr\/?page_id=25&#038;lang=tr\" \/>\n<meta property=\"og:locale\" content=\"en_US\" \/>\n<meta property=\"og:type\" content=\"article\" \/>\n<meta property=\"og:title\" content=\"Hakk\u0131nda - Ural Akbulut\" \/>\n<meta property=\"og:description\" content=\"K\u0130ML\u0130K B\u0130LG\u0130LER\u0130 Ad\u0131 ve Soyad\u0131: Ural AKBULUT Do\u011fum Yeri: Erzincan Yabanc\u0131 Dili: \u0130ngilizce Uzmanl\u0131k Alan\u0131: Kimya E\u011e\u0130T\u0130M VE \u00dcNVANLAR Lisans Y\u00fcksek Lisans Doktora Ar\u015f.G\u00f6r. Y.Do\u00e7. Do\u00e7ent Profes\u00f6r Profes\u00f6r : ODT\u00dc, Kimya B\u00f6l\u00fcm\u00fc : ODT\u00dc, Kimya [&hellip;]\" \/>\n<meta property=\"og:url\" content=\"https:\/\/uralakbulut.com.tr\/?page_id=25&amp;lang=tr\" \/>\n<meta property=\"og:site_name\" content=\"Ural Akbulut\" \/>\n<meta property=\"article:modified_time\" content=\"2020-10-31T16:52:47+00:00\" \/>\n<meta property=\"og:image\" content=\"http:\/\/uralakbulut.com.tr\/wp-content\/uploads\/2020\/10\/unnamed-1.jpg\" \/>\n<meta name=\"twitter:card\" content=\"summary_large_image\" \/>\n<meta name=\"twitter:label1\" content=\"Est. reading time\" \/>\n\t<meta name=\"twitter:data1\" content=\"2 minutes\" \/>\n<script type=\"application\/ld+json\" class=\"yoast-schema-graph\">{\"@context\":\"https:\/\/schema.org\",\"@graph\":[{\"@type\":\"WebSite\",\"@id\":\"https:\/\/uralakbulut.com.tr\/#website\",\"url\":\"https:\/\/uralakbulut.com.tr\/\",\"name\":\"Ural Akbulut\",\"description\":\"Ki\\u015fisel Web Sayfas\\u0131\",\"potentialAction\":[{\"@type\":\"SearchAction\",\"target\":{\"@type\":\"EntryPoint\",\"urlTemplate\":\"https:\/\/uralakbulut.com.tr\/?s={search_term_string}\"},\"query-input\":\"required name=search_term_string\"}],\"inLanguage\":\"en-US\"},{\"@type\":\"ImageObject\",\"@id\":\"https:\/\/uralakbulut.com.tr\/?page_id=25&lang=tr#primaryimage\",\"inLanguage\":\"en-US\",\"url\":\"http:\/\/uralakbulut.com.tr\/wp-content\/uploads\/2020\/10\/unnamed-1.jpg\",\"contentUrl\":\"http:\/\/uralakbulut.com.tr\/wp-content\/uploads\/2020\/10\/unnamed-1.jpg\"},{\"@type\":\"WebPage\",\"@id\":\"https:\/\/uralakbulut.com.tr\/?page_id=25&lang=tr#webpage\",\"url\":\"https:\/\/uralakbulut.com.tr\/?page_id=25&lang=tr\",\"name\":\"Hakk\\u0131nda - Ural Akbulut\",\"isPartOf\":{\"@id\":\"https:\/\/uralakbulut.com.tr\/#website\"},\"primaryImageOfPage\":{\"@id\":\"https:\/\/uralakbulut.com.tr\/?page_id=25&lang=tr#primaryimage\"},\"datePublished\":\"2009-11-20T10:01:03+00:00\",\"dateModified\":\"2020-10-31T16:52:47+00:00\",\"breadcrumb\":{\"@id\":\"https:\/\/uralakbulut.com.tr\/?page_id=25&lang=tr#breadcrumb\"},\"inLanguage\":\"en-US\",\"potentialAction\":[{\"@type\":\"ReadAction\",\"target\":[\"https:\/\/uralakbulut.com.tr\/?page_id=25&lang=tr\"]}]},{\"@type\":\"BreadcrumbList\",\"@id\":\"https:\/\/uralakbulut.com.tr\/?page_id=25&lang=tr#breadcrumb\",\"itemListElement\":[{\"@type\":\"ListItem\",\"position\":1,\"name\":\"Home\",\"item\":\"https:\/\/uralakbulut.com.tr\/?lang=tr\"},{\"@type\":\"ListItem\",\"position\":2,\"name\":\"Hakk\\u0131nda\"}]}]}<\/script>\n<!-- \/ Yoast SEO plugin. -->","yoast_head_json":{"title":"Hakk\u0131nda - Ural Akbulut","robots":{"index":"index","follow":"follow","max-snippet":"max-snippet:-1","max-image-preview":"max-image-preview:large","max-video-preview":"max-video-preview:-1"},"canonical":"https:\/\/uralakbulut.com.tr\/?page_id=25&lang=tr","og_locale":"en_US","og_type":"article","og_title":"Hakk\u0131nda - Ural Akbulut","og_description":"K\u0130ML\u0130K B\u0130LG\u0130LER\u0130 Ad\u0131 ve Soyad\u0131: Ural AKBULUT Do\u011fum Yeri: Erzincan Yabanc\u0131 Dili: \u0130ngilizce Uzmanl\u0131k Alan\u0131: Kimya E\u011e\u0130T\u0130M VE \u00dcNVANLAR Lisans Y\u00fcksek Lisans Doktora Ar\u015f.G\u00f6r. Y.Do\u00e7. Do\u00e7ent Profes\u00f6r Profes\u00f6r : ODT\u00dc, Kimya B\u00f6l\u00fcm\u00fc : ODT\u00dc, Kimya [&hellip;]","og_url":"https:\/\/uralakbulut.com.tr\/?page_id=25&lang=tr","og_site_name":"Ural Akbulut","article_modified_time":"2020-10-31T16:52:47+00:00","og_image":[{"url":"http:\/\/uralakbulut.com.tr\/wp-content\/uploads\/2020\/10\/unnamed-1.jpg"}],"twitter_card":"summary_large_image","twitter_misc":{"Est. reading time":"2 minutes"},"schema":{"@context":"https:\/\/schema.org","@graph":[{"@type":"WebSite","@id":"https:\/\/uralakbulut.com.tr\/#website","url":"https:\/\/uralakbulut.com.tr\/","name":"Ural Akbulut","description":"Ki\u015fisel Web Sayfas\u0131","potentialAction":[{"@type":"SearchAction","target":{"@type":"EntryPoint","urlTemplate":"https:\/\/uralakbulut.com.tr\/?s={search_term_string}"},"query-input":"required name=search_term_string"}],"inLanguage":"en-US"},{"@type":"ImageObject","@id":"https:\/\/uralakbulut.com.tr\/?page_id=25&lang=tr#primaryimage","inLanguage":"en-US","url":"http:\/\/uralakbulut.com.tr\/wp-content\/uploads\/2020\/10\/unnamed-1.jpg","contentUrl":"http:\/\/uralakbulut.com.tr\/wp-content\/uploads\/2020\/10\/unnamed-1.jpg"},{"@type":"WebPage","@id":"https:\/\/uralakbulut.com.tr\/?page_id=25&lang=tr#webpage","url":"https:\/\/uralakbulut.com.tr\/?page_id=25&lang=tr","name":"Hakk\u0131nda - Ural Akbulut","isPartOf":{"@id":"https:\/\/uralakbulut.com.tr\/#website"},"primaryImageOfPage":{"@id":"https:\/\/uralakbulut.com.tr\/?page_id=25&lang=tr#primaryimage"},"datePublished":"2009-11-20T10:01:03+00:00","dateModified":"2020-10-31T16:52:47+00:00","breadcrumb":{"@id":"https:\/\/uralakbulut.com.tr\/?page_id=25&lang=tr#breadcrumb"},"inLanguage":"en-US","potentialAction":[{"@type":"ReadAction","target":["https:\/\/uralakbulut.com.tr\/?page_id=25&lang=tr"]}]},{"@type":"BreadcrumbList","@id":"https:\/\/uralakbulut.com.tr\/?page_id=25&lang=tr#breadcrumb","itemListElement":[{"@type":"ListItem","position":1,"name":"Home","item":"https:\/\/uralakbulut.com.tr\/?lang=tr"},{"@type":"ListItem","position":2,"name":"Hakk\u0131nda"}]}]}},"_links":{"self":[{"href":"https:\/\/uralakbulut.com.tr\/index.php?rest_route=\/wp\/v2\/pages\/25","targetHints":{"allow":["GET"]}}],"collection":[{"href":"https:\/\/uralakbulut.com.tr\/index.php?rest_route=\/wp\/v2\/pages"}],"about":[{"href":"https:\/\/uralakbulut.com.tr\/index.php?rest_route=\/wp\/v2\/types\/page"}],"author":[{"embeddable":true,"href":"https:\/\/uralakbulut.com.tr\/index.php?rest_route=\/wp\/v2\/users\/1"}],"replies":[{"embeddable":true,"href":"https:\/\/uralakbulut.com.tr\/index.php?rest_route=%2Fwp%2Fv2%2Fcomments&post=25"}],"version-history":[{"count":4,"href":"https:\/\/uralakbulut.com.tr\/index.php?rest_route=\/wp\/v2\/pages\/25\/revisions"}],"predecessor-version":[{"id":1626,"href":"https:\/\/uralakbulut.com.tr\/index.php?rest_route=\/wp\/v2\/pages\/25\/revisions\/1626"}],"wp:attachment":[{"href":"https:\/\/uralakbulut.com.tr\/index.php?rest_route=%2Fwp%2Fv2%2Fmedia&parent=25"}],"curies":[{"name":"wp","href":"https:\/\/api.w.org\/{rel}","templated":true}]}}